the hundred millions digit of 3092638452?
0
What is the ten thousands digit of 2403780376?
8
What is the millions digit of 4927363918?
7
What is the thousands digit of 179920980?
0
What is the ten millions digit of 1419392512?
1
What is the billions digit of 2986773202?
2
What is the millions digit of 439753909?
9
What is the millions digit of 2302513274?
2
What is the hundred thousands digit of 183140986?
1
What is the millions digit of 1798561625?
8
What is the tens digit of 67807985?
8
What is the hundred thousands digit of 112564237?
5
What is the millions digit of 26989659?
6
What is the thousands digit of 129367170?
7
What is the tens digit of 1663841940?
4
What is the tens digit of 583104038?
3
What is the ten millions digit of 378201806?
7
What is the millions digit of 34141684?
4
What is the ten millions digit of 206878198?
0
What is the ten millions digit of 145885922?
4
What is the hundreds digit of 75435123?
1
What is the thousands digit of 1374107688?
7
What is the ten thousands digit of 188257515?
5
What is the ten millions digit of 58752199?
5
What is the hundred millions digit of 167391285?
1
What is the hundreds digit of 58947306?
3
What is the units digit of 930292544?
4
What is the hundreds digit of 97323955?
9
What is the hundreds digit of 88649624?
6
What is the ten thousands digit of 137655818?
5
What is the billions digit of 2002421580?
2
What is the hundred thousands digit of 2301173531?
1
What is the hundred thousands digit of 7371299166?
2
What is the hundred millions digit of 278594547?
2
What is the hundreds digit of 1108821058?
0
What is the hundred thousands digit of 67311707?
3
What is the units digit of 100173705?
5
What is the hundreds digit of 389974801?
8
What is the ten millions digit of 34688862?
3
What is the tens digit of 3424461082?
8
What is the units digit of 78366882?
2
What is the millions digit of 38526735?
8
What is the thousands digit of 795540400?
0
What is the ten millions digit of 211565520?
1
What is the units digit of 712987638?
8
What is the ten thousands digit of 446122687?
2
What is the ten millions digit of 57039690?
5
What is the hundred thousands digit of 364371123?
3
What is the tens digit of 46828493?
9
What is the units digit of 86285007?
7
What is the millions digit of 108496641?
8
What is the ten millions digit of 695993516?
9
What is the thousands digit of 4912714?
2
What is the hundred thousands digit of 15010772?
0
What is the hundred thousands digit of 21834593?
8
What is the units digit of 107618288?
8
What is the ten millions digit of 111462808?
1
What is the hundred thousands digit of 180429854?
4
What is the tens digit of 471792514?
1
What is the ten thousands digit of 45752190?
5
What is the ten millions digit of 947386703?
4
What is the ten thousands digit of 63056771?
5
What is the thousands digit of 333370518?
0
What is the thousands digit of 45387893?
7
What is the units digit of 466634061?
1
What is the millions digit of 196783161?
6
What is the ten thousands digit of 879857852?
5
What is the tens digit of 22811628?
2
What is the billions digit of 1267543064?
1
What is the hundred millions digit of 812337036?
8
What is the units digit of 138120910?
0
What is the billions digit of 1007461422?
1
What is the tens digit of 736363390?
9
What is the hundred millions digit of 348970929?
3
What is the hundred thousands digit of 737564615?
5
What is the millions digit of 949845398?
9
What is the ten millions digit of 1134409412?
3
What is the ten thousands digit of 74580068?
8
What is the hundred thousands digit of 31881104?
8
What is the hundred thousands digit of 54859895?
8
What is the tens digit of 1792269999?
9
What is the millions digit of 16387473?
6
What is the tens digit of 213361482?
8
What is the hundred thousands digit of 20277176?
2
What is the ten millions digit of 74273743?
7
What is the millions digit of 12619035?
2
What is the tens digit of 110658914?
1
What is the tens digit of 77938055?
5
What is the millions digit of 116792455?
6
What is the ten millions digit of 82941953?
8
What is the billions digit of 3454467678?
3
What is the thousands digit of 202604758?
4
What is the billions digit of 1301422232?
1
What is the millions digit of 3378499987?
8
What is the tens digit of 2475920554?
5
What is the units digit of 33971666?
6
What is the millions digit of 1389204307?
9
What is the ten millions digit of 986497464?
8
What is the tens digit of 42352326?
2
What is the hundred millions digit of 1770393262?
7
What is the units digit of 7787823570?
0
What is the units digit of 94704057?
7
What is the hundreds digit of 197973414?
4
What is the millions digit of 825711349?
5
What is the thousands digit of 28083295?
3
What is the ten millions digit of 1423241001?
2
What is the units digit of 246959215?
5
What is the thousands digit of 298151512?
1
What is the ten thousands digit of 470879361?
7
What is the millions digit of 258810637?
8
What is the ten millions digit of 116080461?
1
What is the tens digit of 77869091?
9
What is the hundred thousands digit of 10482044?
4
What is the millions digit of 652336270?
2
What is the thousands digit of 968398437?
8
What is the millions digit of 3342582118?
2
What is the ten millions digit of 1623542438?
2
What is the hundred thousands digit of 466716551?
7
What is the hundred millions digit of 144179704?
1
What is the ten thousands digit of 2148922173?
2
What is the hundreds digit of 656279819?
8
What is the tens digit of 66825830?
3
What is the millions digit of 205337203?
5
What is the hundred millions digit of 950992488?
9
What is the tens digit of 100439624?
2
What is the ten thousands digit of 5934782649?
8
What is the units digit of 1054144790?
0
What is the units digit of 771726164?
4
What is the millions digit of 823640654?
3
What is the thousands digit of 437419570?
9
What is the ten thousands digit of 26094524?
9
What is the ten millions digit of 287639270?
8
What is the hundred thousands digit of 685856352?
8
What is the ten thousands digit of 90867576?
6
What is the hundred millions digit of 1204168445?
2
What is the ten millions digit of 1129016516?
2
What is the ten thousands digit of 8985421294?
2
What is the tens digit of 925747309?
0
What is the ten millions digit of 54389901?
5
What is the tens digit of 900569378?
7
What is the millions digit of 1451284803?
1
What is the tens digit of 20147613?
1
What is the ten millions digit of 25509688?
2
What is the thousands digit of 4637435848?
5
What is the units digit of 7220267861?
1
What is the hundred millions digit of 389820143?
3
What is the billions digit of 2179687645?
2
What is the hundred thousands digit of 139889306?
8
What is the units digit of 312078868?
8
What is the hundreds digit of 97355324?
3
What is the hundreds digit of 16752315?
3
What is the tens digit of 1467492406?
0
What is the hundred thousands digit of 89549422?
5
What is the tens digit of 203754686?
8
What is the tens digit of 116025332?
3
What is the ten thousands digit of 502022765?
2
What is the hundred millions digit of 100552168?
1
What is the hundred thousands digit of 6592739249?
7
What is the thousands digit of 6848758465?
8
What is the ten millions digit of 82038564?
8
What is the units digit of 301089817?
7
What is the millions digit of 83324428?
3
What is the tens digit of 754094619?
1
What is the units digit of 293268635?
5
What is the millions digit of 59801153?
9
What is the millions digit of 75659633?
5
What is the hundreds digit of 402847622?
6
What is the thousands digit of 580482469?
2
What is the millions digit of 227515864?
7
What is the millions digit of 80911183?
0
What is the units digit of 68122838?
8
What is the units digit of 16439640?
0
What is the ten millions digit of 320150639?
2
What is the hundred millions digit of 191410985?
1
What is the hundred thousands digit of 2316912?
3
What is the ten thousands digit of 516853303?
5
What is the hundred thousands digit of 61341770?
3
What is the hundred millions digit of 494846399?
4
What is the millions digit of 8539918?
8
What is the tens digit of 81111018?
1
What is the hundreds digit of 496378840?
8
What is the millions digit of 1160160?
1
What is the units digit of 2062073039?
9
What is the billions digit of 15